i - 9. Let c be a(8). Let b be 2 + (1 - 1 - c). Let l(o) = o**2 + 6*o + 3. Determine l(b).
-2
Suppose -5 - 7 = -2*t. Let q be (-1 + 3)*-1 + 2. Let a(c) = -4*c + q*c + 3*c. Determine a(t).
-6
Let q(k) = -7*k + 3. Suppose 3*h - n = 2*h + 21, 0 = 2*h - n - 45. Suppose 5*i - 22 = 4*r - r, 2*i = 5*r + h. What is q(i)?
-11
Let g(l) = l. Let h be 1 - (-1)/3*3. Calculate g(h).
2
Let a(z) = 8*z**3 + 6*z**2 + 5. Let w(x) = 3*x**3 + 2*x**2 + 2. Let n(b) = -4*a(b) + 11*w(b). Determine n(2).
2
Suppose -8 = -3*l + 1. Let y(m) = -4*m + l*m**3 + 1 - 2 + 6*m. Let d = 24 - 23. What is y(d)?
4
Let c(v) = 5*v**3 + v + 1. Suppose 4*q - 5 = w - 0*w, -2*q - 3 = 5*w. Calculate c(w).
-5
Let j(d) be the first derivative of -5 - 4*d + 5/2*d**2. Give j(3).
11
Let u(z) = 0*z + 7*z - z. Give u(1).
6
Let h(i) = -7*i**2 + 3*i - 1. Let b = -12 - -23. Let p(a) = 20*a**2 - 8*a + 3. Let v(r) = b*h(r) + 4*p(r). Calculate v(-1).
3
Let g be ((-6)/(-15))/(-3 + (-58)/(-20)). Let t(q) = 2*q + 6. What is t(g)?
-2
Let i(c) = -c**2 + 12*c - 5. Let m(a) = -a + 1. Let w(k) = -i(k) - 5*m(k). Calculate w(8).
8
Suppose 5*d + 12 = 8*d - 4*t, 2*t = -4*d + 16. Suppose 5*v - d*i = -21, -2*v = v + 2*i + 17. Let o(u) = u**3 + 6*u**2 + 2*u - 1. What is o(v)?
14
Suppose 5*m - 11 = -v, v + 6 = 2. Let d(g) = 4*g**3 - 2*g**2 - 3*g + 1. Let t(b) = 11*b**3 - 6*b**2 - 8*b + 3. Let c(p) = -8*d(p) + 3*t(p). Calculate c(m).
10
Suppose -3*z = 1 + 17. Let b(s) = -s**2 - 5*s + 4. Determine b(z).
-2
Let g(f) = f**2 - f + 2. Suppose 0 = 4*b - 17 + 5, 4*b - 2 = 5*i. Let a(s) = 2*s**2 - 2*s + 5. Let o(v) = i*a(v) - 5*g(v). Calculate o(1).
0
Let x(l) be the first derivative of -l**4/24 - l**3/6 - 7*l**2/2 - 10. Let o(t) be the second derivative of x(t). Calculate o(-5).
4
Let j(h) = 5*h + 5. Let f(r) = -11*r - 11. Let w(i) = -4*f(i) - 9*j(i). Determine w(-7).
6
Suppose 4 = 2*x - 6. Suppose x*r + r = 6. Let g(w) = -13*w**2 + w - 1. Give g(r).
-13
Suppose 3*m - 3*l = 21, -m + 5*l = -3*m. Let z(k) = 6*k**2 - 11*k + 5. Let n(f) = -7*f**2 + 12*f - 6. Let v(j) = 5*n(j) + 6*z(j). Determine v(m).
-5
Let m be 1*(0 - (1 - 3)). Let k(w) be the first derivative of -1 - w**m - 4/3*w**3 - 1/4*w**4 + 0*w. Determine k(-4).
8
Let i(w) be the second derivative of w**4/12 + w**3 + 4*w**2 - 3*w. Suppose 0 = -5*d - h - 35, 0 = -3*d + h - 13. What is i(d)?
8
Let g(q) = -7*q**3 + 9*q**2 + 9*q - 4. Let k(w) = w**3 - w**2 - w + 1. Suppose 0 = -3*v + 4*v - 6. Let r(i) = v*k(i) + g(i). Calculate r(4).
-2
Let p(i) = i**2 + 3*i + 3. Suppose -3*o + 8*o = 75. Suppose -4*a + 14 = -l, -l + o = 4*a - 3. Suppose 4*z = x - 17, z = -6*x + a*x - 11. What is p(x)?
3
Let z = 17 - 20. Let d(s) = -s**3 - 3*s**2 - 2*s + 4. Determine d(z).
10
Let a(y) be the second derivative of y**6/180 - y**5/30 - y**4/24 + 4*y**3/3 - y. Let v(i) be the second derivative of a(i). What is v(3)?
5
Let c be 2/(4/(-6) + 16/(-12)). Let q(s) = -s**3 + s. What is q(c)?
0
Let r(u) = -3*u**3 + u**2 - 1. Let c be 2/1 + 72/4. Suppose 0*g - 13 = -2*g + 5*t, 5*g + 5*t = -c. Calculate r(g).
3
Let f = -25 - -46. Suppose 2*s - 5*n = -21, s - 3*n = 4*s - f. Let c(v) = 2*v**2 - 2*v + 1. Determine c(s).
5
Let d(l) be the first derivative of 5*l**2/2 - 3. Suppose -n - 1 = 3*o, -5*o + n - 4 = 3. Calculate d(o).
-5
Let q(b) = -6*b**3 - b**2 - b + 1. Let w = -98 - -99. Give q(w).
-7
Let r be (-50)/(-18) - (-4)/18. Let w(x) = -1 + x + x - r*x. Let o = -6 + 3. What is w(o)?
2
Let l(t) = 2*t**2 + t - 2. Let j be l(-2). Let p(b) = 0*b + b - 1 + j. Calculate p(-4).
-1
Let m(t) = -4*t + 1. Let h(v) be the first derivative of 1 - 5/3*v**3 - 5*v + 1/4*v**4 + 5/2*v**2. Let b be h(4). What is m(b)?
5
Let u be 5/2*(3 - 1). Let b = u + -5. Let o(t) = t + 10. Calculate o(b).
10
Let g(l) be the third derivative of -l**6/60 - l**5/20 - l**4/6 - l**3/3 + 53*l**2. Calculate g(-2).
10
Let q be (3 - 5)/((8/6)/2). Let i(p) = -p**2 - 3*p - 4. Give i(q).
-4
Suppose -4*d + 11 = 3. Suppose -4*y = -6 - d. Let t(p) = -p**y - 4*p - 1 + 2 + 5*p. Determine t(0).
1
Let z(j) = 3*j - 1. Suppose -7*r = 3*a - 2*r + 3, 4*a + 4*r + 4 = 0. Calculate z(a).
-4
Let x(v) be the first derivative of -1/2*v**2 - 4*v + 4. What is x(-4)?
0
Suppose -3*c + 0*c - 15 = 0. Let q be (24/5)/((-1)/c). Suppose 5*o + 1 + q = 0. Let m(r) = r**3 + 4*r**2 - 5*r - 2. What is m(o)?
-2
Let t = 1 - -2. Suppose -2 = -t*q + 7. Let c(o) = 3*o**2 + o - 2*o**2 + q*o**2 - 2*o**2. Give c(2).
10
Let m(o) be the second derivative of o**4/12 + 5*o**3/6 - 3*o**2/2 - 3*o. Let q be m(-6). Suppose 5*t + 8 = q. Let i(b) = 5*b - 1. Calculate i(t).
-6
Let d(k) = -k**2. Suppose 8 = -4*l - 4*n, 4*l + n - 2 = -16. Let g be 4*3/(-24)*l. Calculate d(g).
-4
Let j = -10 - -15. Suppose j*l = l. Let p(b) = -b**2 + b - 6. What is p(l)?
-6
Let b(j) = -j**2 - 3*j + 2. Let k(x) = -3*x**3 + 2*x**2 - x + 3. Let v(c) = -c**2 - 1. Let f(p) = -k(p) - 3*v(p). Let z be f(-1). Calculate b(z).
2
Let j be 228/30*10/4. Let i(r) = 22*r - j*r + 0 + 5 - r**2 + 0. Let b = 7 - 2. What is i(b)?
-5
Let d(f) = -f**3 + 5*f**2 - 3*f. Let m(u) = -2*u + 4. Let p be m(4). Let z = p - -7. Give d(z).
9
Let v(u) be the third derivative of -u**5/60 + u**4/6 - u**3/2 - u**2. Let p be ((-4)/(-10))/((-7)/35). Let q be p/4*(6 - 12). Calculate v(q).
0
Let o be ((-15)/20)/(1/(-8)). Let l = 3 - o. Let y(w) = -w**2 - w + 2. Determine y(l).
-4
Let r(d) be the first derivative of 7*d**3/3 + d**2 + d + 3. Let l(k) = 2*k**2 + 7*k + 4*k**2 + 3 + 16*k**2. Let j(q) = 2*l(q) - 7*r(q). What is j(-1)?
-6
Let j = -8 + 13. Suppose -2*x + 8 = 4*b, b + 2*b - 13 = -j*x. Let q(f) = -f**3 + f**2 + f - 2. What is q(x)?
-4
Suppose 2 = -8*q + 9*q. Let v(n) = -n**2 + 6*n - 3. Calculate v(q).
5
Let h(w) = -w + 2. Let j(p) = -3 - 2*p - 2 - 3. Let f be j(-7). Suppose -v + f*b + 2 = 4*b, -3*b = 2*v + 17. Determine h(v).
6
Let f(k) be the second derivative of k**4/12 + k**3/6 + k**2 - 11*k. What is f(-4)?
14
Let s(k) = -4*k. Let w be 1/(1 + 2/(-4)). Suppose 0 = c + w*c. Suppose 4*x - 1 - 7 = c. Determine s(x).
-8
Let f(m) = -1 + 0 + 1 + 5*m + m**3 + 6*m**2 + 5. Calculate f(-5).
5
Let u(q) = 6*q**2 + 8*q - 15. Let m(i) = -i**2. Let s(d) = -9*d**2 - 8*d + 14. Let a(j) = -4*m(j) + s(j). Let n(o) = 7*a(o) + 6*u(o). Give n(6).
-4
Let d(s) = -3*s**3 + 3*s**2 - 3*s + 3. Suppose -2*u = -5*z + 17 - 1, 0 = -4*z - u + 5. Give d(z).
-15
Let k(d) = -d - 1. Suppose -4*o = -y + 24, -o + 3*y - 5 - 1 = 0. Calculate k(o).
5
Let l be (-1 + -2)*(2 + -3). Let i(y) be the third derivative of y**6/120 - y**5/20 + y**4/24 + 2*y**3/3 + 10*y**2. Determine i(l).
7
Suppose 4*u = -u - 30. Let d = -4 - u. Let b(c) = 4 + d*c**2 + 3*c**2 - 5*c - c**2 - 3*c**2. Determine b(5).
4
Suppose 4*r - 1 = 5*x, 2*x - 3 + 17 = 5*r. Let k(t) = 3*t**2 + t**3 + 1 + 0*t - 3*t + r. Let n = 6 + -10. Calculate k(n).
1
Let t(a) = -a - a - 4*a - a**2 - 5 - 1. What is t(-7)?
-13
Suppose l - 4 = -5. Let o(n) = -5*n**2 - 1. Give o(l).
-6
Let n(g) = -3*g - 7. Let l be 5*(0 + 3/(-3)). Calculate n(l).
8
Let f(m) = m**3 + 4*m**2 + m - 4. Suppose -24*n + 26*n + 6 = 0. Give f(n).
2
Let v(g) = 2*g**2 - 5*g - 4. Let i(b) = 3*b**2 - 9*b - 7. Let a(p) = -4*i(p) + 7*v(p). Give a(-3).
15
Let p(m) = -2*m + 4. Suppose 3*n = 2*n. Suppose 2*x + 3*x = n. Suppose x = -5*w - 2*t + 14, -2*w - 2*t + 6 = w. Determine p(w).
-4
Suppose 0 = 5*q + u - 6, 0 = -5*q + 2*q - 2*u - 2. Let a(z) = 0*z**2 + 15*z - 6 - 9*z + z**q. Determine a(-5).
-11
Let j(h) = h + 1. Let s be j(4). Let y(z) = -5*z**3 + 6*z**2 - 4*z + 0 - s + 4*z**3. What is y(5)?
0
Let h be 5/(-10)*4*2. Let u(r) = r**3 + 5*r**2 + 4*r - 3. What is u(h)?
-3
Let k(q) be the second derivative of -q**4/12 - 2*q**3/3 - 3*q**2 - q. Determine k(-4).
-6
Let n(b) = -10*b - 1 + 0*b + 11*b + 0. Let i be n(-3). Let u(d) = -3*d - 6. Determine u(i).
6
Let k(a) = -5*a - 8. Let y(u) = 3*u + 5. Let f(h) = 5*k(h) + 8*y(h). Let d be (0 + -1)/(1/(-1)). Determine f(d).
-1
Let x(g) = 4*g. Let o(p) = 4*p. Let z(i) = -6*o(i) + 4*x(i). Let u(l) = -l**2 + 6*l + 1. Let t be u(6). What is z(t)?
-8
Let z(h) = h**2 - h + 4. Suppose -4 = 5*f + 1. Let b(s) = -2 - 2 + 0 + 5. Let u(r) = f*z(r) + 6*b(r). Give u(2).
0
Let l(c) = -3*c - 5. Suppose -5*u + 0*u + 4*n = -13, -4*n = u - 17. Suppose 4*j = -2*k - 30, u*k - 4*j = -5 - 0. Calculate l(k).
10
Let f(h) = -h**2 - 6*h - 6. Suppose -6 = -3*g + 12. Su